ite?
True
Is 2338073 prime?
False
Is 98209871 a composite number?
False
Is 248246161 prime?
True
Is 1860959 composite?
True
Is 6730058 a prime number?
False
Is 51091823 prime?
False
Is 5451001 prime?
True
Is 540584879 prime?
False
Is 4554307 a prime number?
True
Is 96040162 composite?
True
Is 32029667 composite?
True
Is 441101 composite?
False
Is 974885 a prime number?
False
Is 776677 a composite number?
True
Is 20023187 a composite number?
False
Is 3464737 a prime number?
True
Is 121911137 composite?
False
Is 15117953 a composite number?
True
Is 12041569 composite?
True
Is 82636901 composite?
True
Is 2232773 composite?
False
Is 766423457 a composite number?
True
Is 34831087 a composite number?
False
Is 590507 a composite number?
True
Is 4482877 a composite number?
True
Is 2111159 a composite number?
False
Is 448973617 prime?
False
Is 28914265 prime?
False
Is 24281177 prime?
True
Is 25803929 a prime number?
True
Is 26954399 composite?
False
Is 360049099 prime?
True
Is 1348163 prime?
False
Is 5219363 a composite number?
False
Is 14231713 a composite number?
False
Is 2925833 composite?
True
Is 70595719 a prime number?
True
Is 6616537 composite?
False
Is 14110099 prime?
False
Is 2160427 a prime number?
False
Is 1865159 prime?
True
Is 1060889 a prime number?
False
Is 2427461 prime?
True
Is 159863 a composite number?
True
Is 539626721 a prime number?
True
Is 35914141 a prime number?
True
Is 4230347 a prime number?
False
Is 73342781 a prime number?
True
Is 1092239 a composite number?
True
Is 206236011 prime?
False
Is 10264927 composite?
True
Is 974137 prime?
True
Is 40452757 composite?
True
Is 446353 prime?
True
Is 1333771 a prime number?
False
Is 733507 a composite number?
True
Is 554467349 composite?
False
Is 8509063 prime?
True
Is 693395 composite?
True
Is 22351567 composite?
True
Is 425933 a composite number?
True
Is 7069 composite?
False
Is 301091 composite?
True
Is 23993419 prime?
True
Is 4062991 a prime number?
True
Is 6027339 a composite number?
True
Is 51436507 prime?
True
Is 30802973 a composite number?
False
Is 1858529 a composite number?
False
Is 1055407819 a composite number?
False
Is 17214343 prime?
True
Is 360221 a prime number?
False
Is 321836351 a composite number?
False
Is 8940931 a composite number?
False
Is 5844155 a composite number?
True
Is 84951577 composite?
False
Is 23720371 composite?
False
Is 94033 composite?
False
Is 24426803 composite?
False
Is 2225533 composite?
False
Is 194195 a prime number?
False
Is 39295987 a prime number?
True
Is 723379 composite?
False
Is 6590341 composite?
False
Is 29833495 a prime number?
False
Is 57377977 a composite number?
False
Is 37320377 prime?
True
Is 414147277 composite?
True
Is 2294113 prime?
True
Is 89774039 a composite number?
False
Is 90025669 prime?
True
Is 2545931 a composite number?
True
Is 6228627 a prime number?
False
Is 111557 composite?
True
Is 12394763 a composite number?
True
Is 17656213 composite?
True
Is 5666887 a composite number?
False
Is 322349 composite?
False
Is 46519181 a composite number?
True
Is 3010669 a composite number?
False
Is 1400449 prime?
True
Is 2345047 a prime number?
True
Is 4547887 a prime number?
True
Is 389199 prime?
False
Is 11976647 a composite number?
False
Is 5165317 a composite number?
True
Is 1630891 composite?
False
Is 417972955 composite?
True
Is 51398639 prime?
False
Is 1312513 a composite number?
False
Is 31770671 a prime number?
False
Is 384483133 composite?
False
Is 21298349 a prime number?
True
Is 8760013 prime?
False
Is 3710461 a composite number?
False
Is 4382155 composite?
True
Is 12729271 prime?
True
Is 3507019 a prime number?
False
Is 3091351 prime?
False
Is 36548503 composite?
True
Is 269608379 a composite number?
False
Is 7469399 a prime number?
False
Is 291379 a composite number?
True
Is 3060019 a composite number?
True
Is 14842987 a composite number?
False
Is 2929583 prime?
False
Is 166220881 prime?
True
Is 1113773 prime?
True
Is 77275481 composite?
True
Is 5079817 a composite number?
False
Is 3385169 composite?
True
Is 1542427 a composite number?
True
Is 275326403 composite?
True
Is 3166351 a composite number?
False
Is 615883 a composite number?
False
Is 3005747 prime?
True
Is 3089773 a prime number?
False
Is 32088029 a composite number?
False
Is 6291599 a prime number?
True
Is 50279961 a prime number?
False
Is 16748437 a composite number?
True
Is 50433727 composite?
True
Is 17496431 composite?
True
Is 8794943 composite?
False
Is 368894959 a prime number?
True
Is 3429857 a prime number?
True
Is 142853999 a prime number?
True
Is 58612931 composite?
True
Is 19460919 a composite number?
True
Is 627787 prime?
True
Is 93824767 a composite number?
False
Is 3017473 prime?
False
Is 13261999 a prime number?
True
Is 5687807 a prime number?
False
Is 30602701 a composite number?
True
Is 281291 prime?
True
Is 17924111 composite?
True
Is 8881583 a prime number?
True
Is 2396359 composite?
True
Is 13146103 a composite number?
False
Is 9899777 prime?
False
Is 164398387 prime?
True
Is 2833619 composite?
True
Is 23997613 composite?
False
Is 178987 a composite number?
False
Is 727981 a composite number?
False
Is 931299 a prime number?
False
Is 36429721 a prime number?
True
Is 47873731 composite?
False
Is 3095795 composite?
True
Is 1850227 composite?
False
Is 6758351 prime?
True
Is 5884829 composite?
False
Is 582157 composite?
False
Is 9731039 a prime number?
True
Is 74248157 a composite number?
True
Is 3577999 prime?
False
Is 1498789 a prime number?
True
Is 4031117 composite?
False
Is 1572799 a composite number?
False
Is 293977 composite?
True
Is 15093269 composite?
True
Is 73566041 a composite number?
True
Is 7153611 a composite number?
True
Is 21810197 composite?
False
Is 2489231 a prime number?
False
Is 31677643 a composite number?
False
Is 257193514 prime?
False
Is 25490623 a prime number?
False
Is 30906191 a prime number?
True
Is 3902917 a prime number?
False
Is 3229787 composite?
True
Is 46558011 a composite number?
True
Is 17480149 prime?
True
Is 13768463 a composite number?
False
Is 5312323 a composite number?
False
Is 124516933 prime?
False
Is 4156171 a prime number?
False
Is 32942669 prime?
True
Is 176929123 a prime number?
False
Is 1435307 a composite number?
False
Is 27501191 composite?
False
Is 2486863 prime?
True
Is 21280001 composite?
False
Is 13931903 a composite number?
True
Is 47600563 a composite number?
False
Is 22997651 a prime number?
False
Is 44211341 a composite number?
True
Is 8127699 a composite number?
True
Is 3528069 prime?
False
Is 3663497 composite?
False
Is 118848011 prime?
True
Is 115113227 composite?
False
Is 204785822 a prime number?
False
Is 31909967 prime?
False
Is 11147729 a composite number?
False
Is 84948113 composite?
True
Is 5738279 a prime number?
True
Is 42752221 a prime number?
False
Is 413674529 a prime number?
False
Is 2179523 a prime number?
True
Is 9385091 composite?
False
Is 14916093 composite?
True
Is 17071189 prime?
False
Is 339824789 a composite number?
False
Is 3125051 a composite number?
False
Is 207541 a composite number?
False
Is 36382597 a prime number?
True
Is 135613581 a composite number?
True
Is 1012273 a composite number?
True
Is 1940077 composite?
True
Is 387613 prime?
True
Is 16669 a composite number?
True
Is 41831689 prime?
True
Is 24637 a composite number?
True
Is 51351565 a composite number?
True
Is 73018371 composite?
True
Is 18376797 a prime number?
False
Is 3126883 prime?
False
Is 872039 composite?
True
Is 7810211 composite?
False
Is 85058417 prime?
False
Is 18142957 prime?
False
Is 1617034 a composite number?
True
Is 46937303 prime?
False
Is 4783841 composite?
True
Is 817841197 prime?
False
Is 3637453 a prime number?
True
Is 27123751 composite?
True
Is 72886213 prime?
True
Is 182921 prime?
True
Is 11290967 a composite number?
False
Is 5933717 a composite number?
True
Is 5273471 a prime number?
False
Is 124005041 a prime number?
False
Is 51270223 a prime number?
False
Is 102519049 prime?
False
Is 131959 prime?
True
Is 1457161 composite?
False
Is 91455509 a prime number?
False
Is 28496123 a composite number?
False
Is 832060843 a prime number?
True
Is 9760697 a composite number?
False
Is 5083213 composite?
False
Is 112210871 prime?
True
Is 23955511 prime?
True
Is 2546051 a prim